218.
2, 43, 341863
What are the prime factors of 1646211?
3, 7, 277, 283
List the prime factors of 138471.
3, 101, 457
What are the prime factors of 14580161?
79, 184559
What are the prime factors of 6210322?
2, 23, 135007
List the prime factors of 131907.
3, 43969
What are the prime factors of 2657655?
3, 5, 7, 11, 13, 59
List the prime factors of 4324013.
1789, 2417
List the prime factors of 111487.
111487
What are the prime factors of 182770?
2, 5, 7, 373
What are the prime factors of 19720425?
3, 5, 17, 15467
What are the prime factors of 199679?
199679
List the prime factors of 331533.
3, 4093
List the prime factors of 227847.
3, 53, 1433
List the prime factors of 622130.
2, 5, 62213
What are the prime factors of 1186435?
5, 237287
What are the prime factors of 618623?
71, 8713
List the prime factors of 2007432.
2, 3, 7, 569
List the prime factors of 8773237.
11, 797567
List the prime factors of 1698038.
2, 849019
List the prime factors of 796006.
2, 523, 761
What are the prime factors of 3801988?
2, 950497
What are the prime factors of 81332?
2, 20333
What are the prime factors of 2268683?
673, 3371
List the prime factors of 444344.
2, 67, 829
List the prime factors of 1910827.
1910827
List the prime factors of 355456.
2, 2777
List the prime factors of 319787.
13, 17, 1447
List the prime factors of 1361487.
3, 41, 11069
List the prime factors of 981916.
2, 13, 23, 821
List the prime factors of 1353925.
5, 31, 1747
List the prime factors of 5518274.
2, 2759137
List the prime factors of 24492.
2, 3, 13, 157
What are the prime factors of 1255951?
619, 2029
List the prime factors of 1618550.
2, 5, 32371
What are the prime factors of 3231048?
2, 3, 61, 2207
What are the prime factors of 2414853?
3, 7, 4259
List the prime factors of 354656.
2, 11083
List the prime factors of 2210384.
2, 11, 19, 661
What are the prime factors of 287459?
263, 1093
List the prime factors of 1908233.
17, 112249
List the prime factors of 4268603.
4268603
List the prime factors of 1587658.
2, 139, 5711
List the prime factors of 25489913.
349, 73037
List the prime factors of 509342.
2, 37, 6883
What are the prime factors of 206325?
3, 5, 7, 131
List the prime factors of 732249.
3, 7, 59, 197
List the prime factors of 825032.
2, 13, 7933
What are the prime factors of 30739?
59, 521
List the prime factors of 299545.
5, 139, 431
What are the prime factors of 121230?
2, 3, 5, 449
What are the prime factors of 5972916?
2, 3, 17, 19, 23, 67
What are the prime factors of 811993?
7, 13, 8923
List the prime factors of 7785742.
2, 73, 53327
List the prime factors of 922693.
29, 31817
What are the prime factors of 151519?
277, 547
List the prime factors of 160132.
2, 7, 19, 43
List the prime factors of 680826.
2, 3, 233, 487
What are the prime factors of 5241627?
3, 17, 34259
List the prime factors of 174087.
3, 23, 29
List the prime factors of 146245.
5, 11, 2659
List the prime factors of 273734.
2, 17, 83, 97
List the prime factors of 335809.
335809
List the prime factors of 1549414.
2, 17, 199, 229
What are the prime factors of 6398527?
263, 24329
What are the prime factors of 5047018?
2, 41, 61, 1009
What are the prime factors of 160478?
2, 80239
List the prime factors of 766289.
19, 31, 1301
What are the prime factors of 4080674?
2, 13, 12073
List the prime factors of 5587615.
5, 11, 19, 5347
List the prime factors of 226401.
3, 7, 10781
What are the prime factors of 853966?
2, 59, 7237
List the prime factors of 203764.
2, 11, 421
List the prime factors of 32492.
2, 8123
What are the prime factors of 217397?
217397
List the prime factors of 716414.
2, 17, 19, 1109
What are the prime factors of 1033645?
5, 61, 3389
What are the prime factors of 3163519?
19, 31, 41, 131
List the prime factors of 293672.
2, 36709
List the prime factors of 163837.
19, 8623
List the prime factors of 143985.
3, 5, 29, 331
What are the prime factors of 389712?
2, 3, 23, 353
List the prime factors of 1301120.
2, 5, 19, 107
List the prime factors of 19643856.
2, 3, 317, 1291
What are the prime factors of 696527?
13, 131, 409
What are the prime factors of 489672?
2, 3, 2267
List the prime factors of 3828951.
3, 7, 2251
List the prime factors of 40356.
2, 3, 19, 59
List the prime factors of 8124231.
3, 2708077
List the prime factors of 5882831.
59, 99709
What are the prime factors of 29362429?
19, 1545391
List the prime factors of 64324.
2, 13, 1237
What are the prime factors of 617050?
2, 5, 7, 41, 43
What are the prime factors of 179165?
5, 7, 5119
List the prime factors of 6940309.
29, 89, 2689
List the prime factors of 2219.
7, 317
What are the prime factors of 2309613?
3, 769871
What are the prime factors of 277021?
277021
What are the prime factors of 11789453?
13, 906881
List the prime factors of 352676.
2, 88169
What are the prime factors of 990597?
3, 330199
What are the prime factors of 218884?
2, 54721
What are the prime factors of 86520?
2, 3, 5, 7, 103
What are the prime factors of 1153431?
3, 128159
What are the prime factors of 952810?
2, 5, 151, 631
List the prime factors of 283363.
47, 6029
What are the prime factors of 2244455?
5, 23, 29, 673
What are the prime factors of 18395821?
109, 168769
List the prime factors of 1901553.
3, 61, 10391
List the prime factors of 3018521.
11, 137, 2003
What are the prime factors of 8297957?
107, 77551
What are the prime factors of 1466188?
2, 366547
List the prime factors of 6361013.
6361013
What are the prime factors of 253307?
253307
What are the prime factors of 3276225?
3, 5, 14561
List the prime factors of 402119.
379, 1061
What are the prime factors of 2950084?
2, 31, 37, 643
List the prime factors of 12316715.
5, 401, 6143
List the prime factors of 26069460.
2, 3, 5, 37, 11743
List the prime factors of 372297.
3, 193, 643
List the prime factors of 12909609.
3, 31, 46271
What are the prime factors of 2097298?
2, 7, 21401
List the prime factors of 331731.
3, 29, 31, 41
List the prime factors of 114777.
3, 13, 109
What are the prime factors of 468242?
2, 234121
What are the prime factors of 299922?
2, 3, 7, 37, 193
What are the prime factors of 1400149?
29, 48281
List the prime factors of 24426638.
2, 12213319
What are the prime factors of 1048770?
2, 3, 5, 43, 271
What are the prime factors of 1398794?
2, 17, 41141
List the prime factors of 1212299.
11, 43, 233
What are the prime factors of 81912?
2, 3, 3413
List the prime factors of 271765.
5, 13, 37, 113
What are the prime factors of 245050?
2, 5, 13, 29
List the prime factors of 75180.
2, 3, 5, 7, 179
What are the prime factors of 1305277?
17, 76781
List the prime factors of 155101.
43, 3607
List the prime factors of 288679.
288679
List the prime factors of 2114694.
2, 3, 39161
List the prime factors of 175684.
2, 167, 263
List the prime factors of 1764927.
3, 41, 4783
What are the prime factors of 2267027?
7, 37, 8753
List the prime factors of 4135308.
2, 3, 23, 14983
What are the prime factors of 20012118?
2, 3, 7, 476479
List the prime factors of 13500677.
89, 151693
What are the prime factors of 17103918?
2, 3, 13, 219281
What are the prime factors of 1126425?
3, 5, 23, 653
What are the prime factors of 4147304?
2, 7, 31, 2389
List the prime factors of 713867.
7, 11, 73, 127
What are the prime factors of 557332?
2, 139333
What are the prime factors of 3148703?
79, 39857
List the prime factors of 687281.
7, 47, 2089
List the prime factors of 2875548.
2, 3, 13, 18433
List the prime factors of 813739.
17, 151, 317
What are the prime factors of 243118?
2, 121559
What are the prime factors of 620066?
2, 389, 797
List the prime factors of 10526.
2, 19, 277
List the prime factors of 1062419.
67, 101, 157
List the prime factors of 2577578.
2, 19, 29, 2339
What are the prime factors of 774134?
2, 23, 16829
What are the prime factors of 10352602?
2, 13, 109, 281
List the prime factors of 2824759.
7, 403537
List the prime factors of 8693852.
2, 29, 149, 503
What are the prime factors of 1667655?
3, 5, 11, 1123
What are the prime factors of 7470971?
19, 393209
List the prime factors of 6916435.
5, 1383287
List the prime factors of 335781.
3, 37309
What are the prime factors of 7501207?
7, 1071601
What are the prime factors of 469595?
5, 7, 13417
List the prime factors of 1465613.
337, 4349
W